/6). Let d(n) = n - 4*n + 3*n - k*n. Calculate d(-2).
4
Let z = 0 + 1. Suppose z + 0 = x, -5*t + 3*x = -7. Suppose -t*k + 4*k = 2*h, 2*k + 2*h + 8 = 0. Let q(i) = i**3 - i**2 - 3*i - 1. Give q(k).
-7
Let k = -335/4 - -84. Let f(w) be the first derivative of -k*w**4 - 5/3*w**3 - 2 - 2*w**2 + 0*w. Determine f(-4).
0
Let g(f) = -f + 2. Suppose u + 12 = 4*u. Give g(u).
-2
Let c(v) = 11*v**3 - 5*v + 10*v**3 + 0*v**2 + 3*v**2 - 2 - 20*v**3. Determine c(-4).
2
Let c(b) = 5*b - 1. Let q be 1*(-1 - 1)/1. Let j(d) = 24*d - 5. Let a(v) = q*j(v) + 11*c(v). Let z = 0 - 1. What is a(z)?
-8
Suppose 0 = 4*p + 20, p + 2 - 5 = -4*b. Suppose -2 = b*h + 6. Let n(u) = -4*u. What is n(h)?
16
Let d(f) = -f + 12. Let m(i) = -1. Let z be (2 + 0)*5/2. Suppose -6*p + 7 = -4*h - 3*p, h = -z*p + 4. Let o(a) = h*d(a) - 4*m(a). Give o(5).
-3
Let d(a) = 13 - 4 + a**2 - 5 - 6*a. Calculate d(7).
11
Let z = 0 + 0. Let q(f) be the first derivative of f**2/2 - 5*f - 14. Give q(z).
-5
Let d = -2 - -2. Let j be (0 + d)/(1 - 2). Let o(m) = j*m - 1 + 0 + 5*m. Give o(2).
9
Let s(a) = a**2 + 7*a - 5. Let j be s(-6). Let p = j - -4. Let x = p + 11. Let m(n) = n**3 - 3*n**2 - 4*n - 1. What is m(x)?
-1
Let b(r) be the first derivative of 1 + r - 2*r**2 - r**3 - 2*r + r**2. Suppose -6 - 4 = 5*f. What is b(f)?
-9
Let y be (-3 + (-10)/(-3))*-6. Let w(m) = m + 2. Give w(y).
0
Let d(k) = -k**3 + 7*k**2 - 6*k + 3. Let q be (-1)/((-7)/(-6))*-7. Let m be d(q). Let h(w) = 2*w**2 - 2*w - 3. Calculate h(m).
9
Let x(h) = -9*h - 1. Suppose 1 = -4*m - 3. Let j = -1 - m. Suppose -r + 4*n + j = 9, 2*r + 12 = 5*n. What is x(r)?
8
Let q(p) be the first derivative of -5*p**2 + 1. Calculate q(1).
-10
Let z = 60 + -33. Suppose 3*v = -3*s + v + 33, -z = -4*s + 3*v. Let b(q) = -s + 2*q - 1 - 3*q. Calculate b(0).
-10
Suppose 7*u = -2*u - 36. Let j(g) = -2*g - 13. Let f(a) be the third derivative of -a**4/24 - 7*a**3/6 - a**2. Let b(i) = -7*f(i) + 4*j(i). Calculate b(u).
1
Suppose 8 = -11*o - 25. Let n(x) be the third derivative of 0 + 1/30*x**5 + 1/120*x**6 - 2*x**2 + 0*x - 1/8*x**4 + 1/6*x**3. Give n(o).
1
Suppose t - 2 = 2*t. Let v be t + (6 - 3 - -2). Let i(u) = -3 - 2 + 4*u - u**2 + v - 3. Determine i(4).
-5
Let c(n) = -236 - 7*n**2 - n**3 - 7*n + 0*n**3 + 235. Determine c(-6).
5
Let x(j) = 0 + 104*j - 103*j - 1. What is x(0)?
-1
Let z(d) be the second derivative of -2*d - 1/3*d**3 + 4*d**2 + 0. Calculate z(6).
-4
Let o(t) = t**2 - 4*t. Let f(k) = -k**2 - 8*k - 3. Let z be f(-7). Give o(z).
0
Let f(n) = 3*n + 4 - 2*n - 8. Suppose j + 10 = 3. Let d(i) = -2*i - 9. Let w be d(j). Determine f(w).
1
Let y(m) = 17*m + 1. Suppose -4*n = -5*b - 4, -2*b + 1 = 3*n - 2*n. Let p be (0 - b) + 4 + -5. What is y(p)?
-16
Let f(s) be the third derivative of -s**6/120 - s**5/120 - s**4/8 - s**2. Let i(h) be the second derivative of f(h). Suppose 7 - 1 = -3*q. Give i(q).
11
Let x = 6 + -8. Let p be (-2 + x + 6)/1. Let t(f) = 3*f - 4 + 7 - 5*f. Determine t(p).
-1
Let j(a) = 2*a**2 + 2*a + 1. Suppose 2*s = -2*s + 60. Let y be (-2)/(2 + (-24)/s). Let h(l) = l + 3. Let x be h(y). Calculate j(x).
5
Let d be (30/(-9))/(2/(-3)). Let j(h) be the first derivative of -h**3/3 + 5*h**2/2 + 2*h - 11. What is j(d)?
2
Let s(r) be the second derivative of -r**5/20 + r**4/4 - r**3/3 + r**2 + 3*r. Give s(2).
2
Let g(h) = -h + 4. Let v = -13 + 19. What is g(v)?
-2
Let f(r) = -r. Let n(d) = 14*d**2 + 4*d - 1. Let p(c) = 6*f(c) + n(c). Give p(-1).
15
Suppose 5*h + 26 = -2*i, -3*h - 1 = -5*i - 4. Let p(r) = -r**3 - 4*r**2 - 2*r - 3. Calculate p(h).
5
Let b(k) = -k + 7. Suppose 2*p = 3*v + 30, 2*p + 3*p = 2*v + 64. Let a be b(p). Let l(m) = -5*m - 4*m**2 - 4*m**3 + 6 - 2*m**2 + 3*m**3. What is l(a)?
6
Let k(y) be the second derivative of y**4/12 + y**3 + 2*y**2 - 43*y. Let g(h) = -h**2 - 1. Suppose 4 = u + 2. Let a be g(u). Calculate k(a).
-1
Let z(r) = 24*r**3 + 19*r**3 - 3*r - 42*r**3 - 2*r**2 - 2. Give z(3).
-2
Let i(t) = t. Suppose -l - 2*l + 18 = 0. What is i(l)?
6
Let o(w) be the first derivative of w**2/2 - 7*w - 4. Suppose 0 = 2*u - 2 - 8. Determine o(u).
-2
Let l(c) be the third derivative of c**5/60 - c**4/12 - c**3/6 + 13*c**2. What is l(4)?
7
Suppose 3*g - 8 = 1. Suppose 3*i + 15 = 0, x + 0 = -i - 3. Let n(j) = -3*j**2 + x*j**3 - 6 + j**3 + 4 - 2*j**3 + 3*j. Calculate n(g).
7
Let s(y) = -13*y**3 - 2*y + 1. Let v = -32 - -33. Calculate s(v).
-14
Let n(i) = i**2 + 3*i - 6. Let l be (-2)/(-4)*8/(-4). Let h be (24/15 + l)*5. Let g(z) = 3*z**2 + 8*z - 18. Let j(m) = h*g(m) - 8*n(m). Give j(0).
-6
Suppose -w - 2*h = -1, 0 = -2*w - 2*h + 4 - 2. Let m = 4 - w. Let k(p) = p + m + 0 - 1. Give k(3).
5
Let c(g) = g + 11. Let j be c(-9). Let m(q) = -2 - 6*q - 2*q**2 - 9*q**j + 12*q**2. What is m(5)?
-7
Let a(r) = r**3 - r**2 - 1. Let j = 6 - 2. Let g(v) = -4*v + 5. Let y(k) = -9*k + 11. Let h(d) = -7*g(d) + 3*y(d). Let b be h(j). Calculate a(b).
3
Let b(o) = -o - 1. Let m be (-2)/3 + 62/(-6). Let s = 10 + m. What is b(s)?
0
Let g = -18 - -14. Let i(w) = w**2 + 6*w + 2. Determine i(g).
-6
Let g(u) = 3*u**3 + 3*u**2 + u + 10. Let i(n) = n**3 + 2*n**2 + n + 5. Let h(q) = 2*g(q) - 5*i(q). Calculate h(5).
5
Let t(w) = w**3 - 5*w**2 - 4*w + 4. Suppose 8 = 2*a - v, 2*a + 0*a = 4*v - 4. Calculate t(a).
16
Let x(f) = 1 + 5 - 2*f - 3 + 0. Give x(4).
-5
Let p(u) = u**2 + 5*u + 3. Suppose 0 = -i + 4, -i + 5 + 2 = v. Let t be (2/(-1))/(v/9). Calculate p(t).
9
Let z(q) = -q. Let n be z(2). Let d(a) = a**3 - a - 1. Let o(t) = -3*t + 3 - t**2 + t + 4*t. Let y(m) = n*d(m) - o(m). Determine y(-1).
2
Let h(v) = v**2. Let n(k) = k**3 + 8*k**2 + 3*k + 2. Let a(c) = -5*h(c) + n(c). Give a(-2).
0
Suppose -20 = 4*c, 5*b - 3*c + c = -10. Let p(d) = -d**3 - 5*d**2 + d. Give p(b).
-20
Let s = -3 + -4. Let n = s - -10. Let k(t) = t**3 + t - 2*t**2 - 1 + 0 + 0*t**n. Calculate k(2).
1
Let w(j) be the first derivative of -j**3 - 3 - 1/2*j**2 - 2*j - 1/12*j**4. Let a(c) be the first derivative of w(c). Give a(-4).
7
Suppose 14 = 4*d - 2. Let j be (-8)/3*(-6)/d. Let q(k) = k**2 - 3*k - 5. Calculate q(j).
-1
Let l(b) be the third derivative of -4*b**2 + 0 - 1/6*b**3 - 1/30*b**5 + 0*b + 1/8*b**4. What is l(2)?
-3
Let k(v) be the first derivative of v**2 + 3*v + 3. Let d be 1*5/(-1) + 2. Give k(d).
-3
Let k(m) be the first derivative of m**7/840 + 7*m**6/360 + m**5/30 + m**4/6 - 2*m**3/3 + 4. Let c(d) be the third derivative of k(d). What is c(-6)?
16
Let w(r) be the first derivative of -r**3/3 + 3*r**2/2 - 2*r + 1. Suppose -3*q - 30 = -5*q - 4*f, 20 = 2*q + 2*f. Calculate w(q).
-12
Let x(k) = 8*k**3 + k**2 + k. Suppose -3*h + s + 6 = 0, 1 = -4*h - 3*s - 4. Suppose 0*o + h = -o. What is x(o)?
-8
Let j be ((-3)/(-2))/((-6)/(-8)). Let i(l) = -23*l - 2 + 11*l + 18*l. Determine i(j).
10
Let d(f) = f**2 - 1. Let k(m) = 2*m**2 - 3*m + 1. Let w be k(2). Let q(n) = 2*n**2 - 1. Let s(p) = w*d(p) - 4*q(p). Determine s(1).
-4
Let t(y) = -2*y**2 - y + 1. Suppose o + 12 = -5*i, -o + i + 4 = -2. Suppose -4*p - x = -1 + 8, 0 = -o*p + 2*x - 8. Give t(p).
-5
Let c = -6 - -4. Let l(b) be the second derivative of b - 1/2*b**2 + 1/10*b**5 + 1/3*b**4 + 0 + 1/3*b**3. Give l(c).
-5
Let c(k) = 2*k**2 - 2*k - 3. Let x(o) = -o**3 + 3*o**2 - 4. Let u be x(3). Let b = u + 11. Suppose 1 = -4*f - b. Give c(f).
9
Let g(x) = -x + x**3 + 3*x**2 - 5 - 4*x + x. Let p(q) = 3*q - 1. Let l = 7 - 8. Let b be p(l). Calculate g(b).
-5
Let c = 94 - 98. Let p(i) = -i**2 - 5*i + 4. What is p(c)?
8
Let o(k) = -k**2 + 9*k - 5. Let u be o(8). Let v(c) = -c**2 + 4*c - 3. What is v(u)?
0
Let a(z) = -z**2 + 10*z + 3. Let o be a(10). Let h be 1 - (-1 - (1 + o)). Let t(p) = -p**2 + 5*p + 4. Give t(h).
-2
Let d(s) = -10 + 3 + 7 + 5*s. Let c be d(3). Suppose -3*j - 4*n + 7 = -5, 4*j + 5*n - c = 0. Let w(g) = g**3 + g**2 - g + 8. Determine w(j).
8
Suppose 4*d - 3 = 5. Let t(i) = 2 + d - 2 - i. What is t(-3)?
5
Let o = -9 - -3. Let k be (3/o)/((-2)/12). Let v(l) be the first derivative of -l**4/4 + 4*l**3/3 - 5*l**2/2 + 3*l + 1. Determine v(k).
-3
Let k = 138 + -33. Let x(n) = -3 + 106*n - n**2 + n**3 - 2 - k*n. Let d(t) = -t**3 + 2*t**2 - 1. Let w be d(1). What is x(w)?
-5
Let o(r) = r**3 - 5*r**2 + 3*r - 7. Let w(a) = a**3 - 3*a**2 + 2*a - 4. Let b(m) = 3*o(m) - 5*w(m). Give b(-1).
2
Let r(n) be the third derivative of -n**5/30 - n**